 + 33*q**2 + 68*q + 380. Give c(-10).
0
Let r(m) = -m**3 - m**2 + 26*m + 56. What is r(-4)?
0
Let w(b) = -338*b - 15. Give w(-1).
323
Let y(i) = -30*i + 600. What is y(20)?
0
Let m(a) = -4*a**2 - 432*a + 1767. Determine m(-112).
-25
Let h(d) = -90*d + 1886. Give h(21).
-4
Let g(i) = -2*i**2 + 115*i - 185. Determine g(53).
292
Let b(j) = -j**2 + 32*j + 34. Give b(32).
34
Let k(w) = 2*w**3 - 15*w**2 - 30*w + 255. Determine k(7).
-4
Let z(h) = 406*h + 5660. Calculate z(-14).
-24
Let u(r) = r**3 - 67*r**2 + 998*r - 93. Calculate u(45).
267
Let n(y) = 2*y**3 + 12*y**2 + 5*y + 10. Give n(-4).
54
Let q(p) = p**2 - 60*p - 382. Calculate q(66).
14
Let y(s) = 32*s**3 + 14*s**2 + 16*s + 3. Determine y(-1).
-31
Let w(h) = -30*h + 785. Calculate w(27).
-25
Let f(x) = -138*x + 1484. Determine f(11).
-34
Let w(l) = l**3 + 17*l**2 - l - 215. Determine w(-14).
387
Let l(k) = -k**3 - 29*k**2 + 32*k - 57. Give l(-30).
-117
Let f(w) = w**2 + 424*w + 3298. What is f(-8)?
-30
Let t(w) = 460*w - 16101. Calculate t(35).
-1
Let v(h) = -h**2 + 17*h - 15. What is v(17)?
-15
Let m(d) = -21*d**2 - 69*d - 3. Calculate m(-3).
15
Let s(z) = -50*z + 27. Determine s(7).
-323
Let o(c) = 45*c**2 - 220*c + 1. What is o(5)?
26
Let d(p) = -p**3 - 36*p**2 - 35*p - 17. Calculate d(-35).
-17
Let x(h) = 10849*h - 401407. Give x(37).
6
Let k(a) = 3609*a + 64970. Give k(-18).
8
Let a(v) = v**2 - 301*v + 4010. Calculate a(14).
-8
Let v(n) = n**3 + 30*n**2 - 25*n + 79. Determine v(-31).
-107
Let q(v) = 310*v + 10258. Determine q(-33).
28
Let f(m) = -5*m**3 + 39*m**2 + 42*m + 3. Calculate f(-1).
5
Let c(r) = -16*r**2 - 99*r + 4. Calculate c(-6).
22
Let x(y) = 2*y**3 - 251*y**2 + 195*y - 8749. Calculate x(125).
1
Let d(h) = -381*h - 4585. What is d(-12)?
-13
Let d(b) = 14*b**3 + 122*b**2 - 11*b + 19. Give d(-9).
-206
Let v(o) = 714*o + 9287. Calculate v(-13).
5
Let z(g) = 454*g + 4135. Calculate z(-9).
49
Let h(f) = -3*f - 112. Calculate h(-11).
-79
Let p(l) = l**3 + 10*l**2 + 8*l - 23. Give p(-6).
73
Let j(w) = -w**3 + 9*w**2 + 53*w + 39. Give j(13).
52
Let z(c) = 17*c**2 - 547*c + 1119. Give z(30).
9
Let a(x) = 5*x**2 - 183*x + 955. Give a(30).
-35
Let t(s) = -207*s + 171. Calculate t(1).
-36
Let v(p) = -2*p**2 - 51*p + 76. Calculate v(-29).
-127
Let r(m) = m**3 - 16*m**2 - 79*m - 93. Calculate r(20).
-73
Let g(y) = -44*y**2 - 2375*y + 50. Determine g(-54).
-4
Let g(c) = 87*c - 3040. Determine g(35).
5
Let o(q) = 503*q - 17569. Calculate o(35).
36
Let n(s) = s**3 + 17*s**2 + 12*s - 78. What is n(-16)?
-14
Let g(a) = -a**2 + 49*a - 555. Give g(27).
39
Let w(m) = m**3 - 30*m**2 - 31*m + 25. Give w(31).
25
Let f(r) = -r**3 + 71*r**2 - 75*r + 151. Calculate f(70).
-199
Let i(w) = -128*w + 268. Give i(3).
-116
Let t(z) = -1216*z - 6086. Calculate t(-5).
-6
Let u(n) = -5*n**2 - 7*n - 1. Determine u(-4).
-53
Let i(v) = -25*v - 349. Calculate i(-12).
-49
Let t(m) = -47*m - 219. Determine t(-4).
-31
Let n(w) = 17*w + 43. Determine n(-18).
-263
Let x(o) = -o**3 + 18*o**2 - 35*o - 13. Calculate x(15).
137
Let z(i) = i**2 + 20*i - 25. Give z(-25).
100
Let l(o) = -o**3 + 108*o**2 + 220*o + 18. Calculate l(110).
18
Let z(a) = -a**2 + 77*a - 614. Give z(9).
-2
Let t(b) = 60*b + 134. Calculate t(-5).
-166
Let o(b) = 144*b - 143. Determine o(3).
289
Let j(y) = -11*y**2 - 8*y. What is j(4)?
-208
Let q(a) = 1817*a - 25468. Calculate q(14).
-30
Let l(c) = -c**2 - 185*c + 1302. Give l(7).
-42
Let m(t) = t**2 + 29*t + 231. What is m(-8)?
63
Let i(a) = -4*a**3 - 5*a**2 + 19*a + 8. Give i(-4).
108
Let q(j) = -5*j + 375. What is q(5)?
350
Let n(a) = -11*a**2 - 13*a + 589. Give n(-8).
-11
Let n(s) = -1356*s - 20442. Give n(-15).
-102
Let g(q) = q**3 - 10*q**2 + 52*q - 889. What is g(12)?
23
Let v(s) = 239*s - 3091. Calculate v(13).
16
Let s(t) = -4036*t + 141258. Determine s(35).
-2
Let t(j) = -j**3 + 2*j + 118. What is t(0)?
118
Let d(l) = -40*l**3 - 323*l**2 - 24*l + 4. Determine d(-8).
4
Let n(i) = -85*i - 5212. Determine n(-61).
-27
Let z(j) = 3*j**3 + 21*j**2 + 50*j + 4. What is z(-4)?
-52
Let n(t) = -367*t**2 - 1097*t. Give n(-3).
-12
Let y(j) = -174*j - 1606. What is y(-9)?
-40
Let k(y) = -24*y**2 + 273*y - 102. What is k(11)?
-3
Let v(r) = 21*r + 283. What is v(-14)?
-11
Let v(r) = 17*r**2 - 197*r + 371. Determine v(9).
-25
Let p(r) = r**3 + 24*r**2 - 384*r - 9355. Give p(-23).
6
Let s(k) = 3*k**2 - 2179*k - 4364. What is s(-2)?
6
Let m(k) = -53*k + 78. Give m(9).
-399
Let n(g) = 12*g**3 - 3*g + 3. Determine n(1).
12
Let x(v) = 18*v + 394. Give x(1).
412
Let u(s) = s**2 - 41*s + 108. Give u(38).
-6
Let l(k) = -13*k**2 - 33*k - 1. What is l(-2)?
13
Let b(g) = 2579*g + 12872. Calculate b(-5).
-23
Let b(l) = -l**3 + 7*l**2 - 15*l + 8. Determine b(3).
-1
Let l(f) = -313*f + 4388. What is l(14)?
6
Let g(v) = -960*v + 7677. What is g(8)?
-3
Let h(k) = -26*k - 362. Calculate h(-15).
28
Let p(m) = m**3 + 20*m**2 + m - 338. What is p(-19)?
4
Let c(d) = 7*d**2 + 120*d - 119. What is c(-18)?
-11
Let k(r) = 6*r**2 + 170*r - 91. What is k(-29)?
25
Let t(x) = -19*x + 776. What is t(52)?
-212
Let t(a) = -5*a**2 - 18*a + 40. Give t(2).
-16
Let d(z) = 721*z - 5667. What is d(8)?
101
Let b(k) = k**3 + 9*k**2 - 5*k - 17. What is b(-10)?
-67
Let w(o) = -246*o + 252. Determine w(1).
6
Let v(x) = -55*x**2 - 5*x + 1. Give v(-3).
-479
Let a(h) = 7*h + 1195. What is a(-167)?
26
Let l(s) = -2*s**2 - 43*s + 445. Give l(-29).
10
Let y(r) = 105*r - 951. Determine y(9).
-6
Let i(p) = -3*p**2 + 988*p - 3. Determine i(0).
-3
Let m(n) = -n**2 - 16*n + 227. Determine m(9).
2
Let v(o) = o**2 + 74*o + 158. What is v(0)?
158
Let o(n) = -10*n + 407. Determine o(13).
277
Let d(u) = -u**2 - 22*u + 233. Give d(-29).
30
Let c(t) = -t**3 - 13*t**2 + 14*t + 58. What is c(-12)?
-254
Let m(f) = 4*f**3 - 70*f**2 + 19*f - 55. Give m(17).
-310
Let n(w) = -19*w**2 + 534*w - 60. Calculate n(28).
-4
Let m(j) = -2*j**2 - 243*j + 2205. What is m(-130)?
-5
Let t(z) = 6*z**2 + 85*z + 285. Determine t(-5).
10
Let k(w) = -10*w - 209. Determine k(17).
-379
Let y(i) = -i**3 + 9*i**2 + 23*i + 5. What is y(10)?
135
Let a(y) = 5*y + 86. Determine a(5).
111
Let h(d) = -36*d + 1888. What is h(50)?
88
Let f(s) = -s**3 - 9*s**2 - 18*s - 50. Determine f(-8).
30
Let m(l) = 36*l - 210. Give m(6).
6
Let r(b) = -2*b**3 + 24*b**2 + 29*b - 48. What is r(13)?
-9
Let d(m) = 8*m**2 + 82*m + 179. Determine d(-7).
-3
Let u(v) = -v**3 + 10*v**2 + 19*v + 20. What is u(11)?
108
Let c(j) = j**3 + 59*j**2 + j + 127. Determine c(-59).
68
Let s(a) = -494*a - 7404. Calculate s(-15).
6
Let y(c) = -c**3 - 27*c**2 - 24*c + 75. Give y(-26).
23
Let v(z) = 16*z**2 - 343*z + 1028. Determine v(3).
143
Let v(i) = i**3 - 31*i**2 - 27*i - 74. Give v(32).
86
Let w(t) = 45*t - 1689. Determine w(38).
21
Let z(g) = -75*g - 8944. Calculate z(-119).
-19
Let u(m) = -m**3 + 37*m**2 + 87*m - 326. Determine u(39).
25
Let q(n) = -n**2 - 4*n - 27. Determine q(7).
-104
Let b(l) = 250*l - 8505. Give b(34).
-5
Let k(z) = 3*z**3 - 31*z**2 - 93*z. What is k(13)?
143
Let a(c) = -c**3 + 25*c**2 - 44*c - 46. Give a(23).
0
Let t(b) = -b**3 - 18*b + 23. Give t(5).
-192
Let n(m) = -m**3 + 22*m**2 + 121*m - 778. Give n(4).
-6
Let x(l) = l**2 - 9*l + 57. What is x(12)?
93
Let t(d) = -41*d**2 - d - 14. Give t(-3).
-380
Let q(z) = 806*z + 37108. Give q(-46).
32
Let u(j) = -j**3 - 55*j**2 - 341*j - 15. Determine u(-7).
20
Let z(p) = 464*p + 12542. Calculate z(-27).
14
Let y(u) = -8*u**2 - 4*u + 9. Determine y(3).
-75
Let g(f) = -f**3 - 5*f**2 - 80*f - 290. Calculate g(-4).
14
Let k(l) = -2*l**2 - 59*l + 12. Give k(-29).
41
Let k(y) = 2*y**3 + 26*y**2 - 8*y - 34. What is k(-13)?
70
Let s(j) = -j**3 - 6*j**2 + 4*j + 13. What is s(-6)?
-11
Let y(r) = 270*r - 300. Determine y(1).
-30
Let f(l) = 2*l**3 - 3*l**2 + 7*l - 26. Give f(3).
22
Let u(d) = -d**3 + 24*d**2 - 19*d + 70. What is u(9)?
1114
Let p(v) = 64*v + 1502. What is p(-18)?
350
Let i(y) = y**3 + 7*y**2 + 38*y + 151. Calculate i(-6).
-41
Let k(d) = -d**2 + 6*d - 2. Calculate k(-3).
-29
Let v(i) = -45*i + 31. What is v(2)?
-59
Let i(f) = 85*f + 1266. What is i(-15)?
-9
Let s(v) = 7*v**2 + 40*v + 17. Determine s(-4).
-31
Let s(o) = -o**3 - 15*o**2 + 11*o - 100. Calculate s(-16).
-20
Let a(x) = 38*x + 134. Determine a(-8).
-170
Let f(c) = -c**3 + 13*c**2 + 6*c + 77. Give f(1